 digit of 29669?
9
What is the tens digit of 366?
6
What is the hundreds digit of 4514?
5
What is the units digit of 478?
8
What is the thousands digit of 56962?
6
What is the units digit of 3186?
6
What is the hundreds digit of 59882?
8
What is the ten thousands digit of 39493?
3
What is the units digit of 65?
5
What is the tens digit of 77446?
4
What is the hundreds digit of 115908?
9
What is the hundreds digit of 2974?
9
What is the ten thousands digit of 46692?
4
What is the units digit of 5364?
4
What is the units digit of 27415?
5
What is the thousands digit of 1018?
1
What is the hundreds digit of 217?
2
What is the tens digit of 3572?
7
What is the hundreds digit of 2800?
8
What is the thousands digit of 3628?
3
What is the ten thousands digit of 31006?
3
What is the thousands digit of 6646?
6
What is the tens digit of 682?
8
What is the thousands digit of 1892?
1
What is the thousands digit of 22379?
2
What is the tens digit of 67825?
2
What is the tens digit of 2672?
7
What is the hundreds digit of 2087?
0
What is the tens digit of 1152?
5
What is the tens digit of 839?
3
What is the tens digit of 3537?
3
What is the units digit of 8165?
5
What is the hundreds digit of 74223?
2
What is the ten thousands digit of 71438?
7
What is the hundreds digit of 1063?
0
What is the tens digit of 37861?
6
What is the units digit of 35876?
6
What is the hundreds digit of 3457?
4
What is the thousands digit of 1331?
1
What is the tens digit of 4194?
9
What is the hundreds digit of 3163?
1
What is the hundreds digit of 4891?
8
What is the thousands digit of 1016?
1
What is the thousands digit of 16465?
6
What is the units digit of 925?
5
What is the tens digit of 1326?
2
What is the units digit of 528?
8
What is the units digit of 78230?
0
What is the units digit of 93?
3
What is the thousands digit of 5134?
5
What is the hundreds digit of 5726?
7
What is the tens digit of 78?
7
What is the units digit of 8986?
6
What is the hundreds digit of 6073?
0
What is the tens digit of 88?
8
What is the units digit of 27761?
1
What is the ten thousands digit of 14463?
1
What is the units digit of 1216?
6
What is the hundreds digit of 1294?
2
What is the ten thousands digit of 26710?
2
What is the tens digit of 2614?
1
What is the tens digit of 2067?
6
What is the thousands digit of 17422?
7
What is the ten thousands digit of 16755?
1
What is the hundreds digit of 6263?
2
What is the thousands digit of 5430?
5
What is the hundreds digit of 8500?
5
What is the tens digit of 486?
8
What is the units digit of 12600?
0
What is the thousands digit of 13862?
3
What is the units digit of 1733?
3
What is the thousands digit of 1685?
1
What is the units digit of 710?
0
What is the hundreds digit of 4816?
8
What is the thousands digit of 76937?
6
What is the units digit of 27753?
3
What is the tens digit of 5562?
6
What is the hundreds digit of 19956?
9
What is the hundreds digit of 33830?
8
What is the hundreds digit of 841?
8
What is the hundreds digit of 9325?
3
What is the tens digit of 22523?
2
What is the thousands digit of 8683?
8
What is the hundreds digit of 62994?
9
What is the hundreds digit of 33090?
0
What is the tens digit of 848?
4
What is the tens digit of 13424?
2
What is the hundreds digit of 140493?
4
What is the thousands digit of 1143?
1
What is the hundreds digit of 25461?
4
What is the tens digit of 74858?
5
What is the hundreds digit of 5429?
4
What is the tens digit of 1090?
9
What is the units digit of 2157?
7
What is the hundreds digit of 936?
9
What is the thousands digit of 1596?
1
What is the units digit of 823?
3
What is the hundreds digit of 4175?
1
What is the units digit of 48959?
9
What is the ten thousands digit of 98412?
9
What is the thousands digit of 5162?
5
What is the hundreds digit of 1998?
9
What is the tens digit of 25263?
6
What is the units digit of 41151?
1
What is the hundreds digit of 6840?
8
What is the thousands digit of 2871?
2
What is the tens digit of 20741?
4
What is the thousands digit of 90546?
0
What is the ten thousands digit of 25553?
2
What is the tens digit of 438?
3
What is the units digit of 1553?
3
What is the hundreds digit of 52554?
5
What is the hundreds digit of 37054?
0
What is the hundreds digit of 6048?
0
What is the thousands digit of 6061?
6
What is the thousands digit of 124351?
4
What is the units digit of 1564?
4
What is the thousands digit of 7740?
7
What is the hundreds digit of 145643?
6
What is the units digit of 567?
7
What is the tens digit of 8581?
8
What is the thousands digit of 58719?
8
What is the units digit of 3614?
4
What is the tens digit of 1857?
5
What is the ten thousands digit of 16133?
1
What is the units digit of 49289?
9
What is the tens digit of 654?
5
What is the tens digit of 5743?
4
What is the hundreds digit of 1381?
3
What is the tens digit of 498?
9
What is the tens digit of 69444?
4
What is the thousands digit of 1295?
1
What is the hundreds digit of 3286?
2
What is the tens digit of 529?
2
What is the hundreds digit of 724?
7
What is the tens digit of 132?
3
What is the tens digit of 21454?
5
What is the thousands digit of 9703?
9
What is the tens digit of 29847?
4
What is the tens digit of 3762?
6
What is the tens digit of 221?
2
What is the tens digit of 25999?
9
What is the tens digit of 600?
0
What is the units digit of 3252?
2
What is the hundreds digit of 435?
4
What is the thousands digit of 1238?
1
What is the thousands digit of 1501?
1
What is the hundreds digit of 101127?
1
What is the hundreds digit of 6153?
1
What is the hundreds digit of 35640?
6
What is the thousands digit of 1337?
1
What is the hundreds digit of 15483?
4
What is the hundreds digit of 137?
1
What is the hundreds digit of 2124?
1
What is the hundreds digit of 7258?
2
What is the thousands digit of 23046?
3
What is the units digit of 2204?
4
What is the thousands digit of 18562?
8
What is the units digit of 13005?
5
What is the thousands digit of 6170?
6
What is the hundreds digit of 541?
5
What is the thousands digit of 7977?
7
What is the tens digit of 943?
4
What is the hundreds digit of 50806?
8
What is the thousands digit of 1300?
1
What is the tens digit of 5663?
6
What is the units digit of 1094?
4
What is the tens digit of 3028?
2
What is the tens digit of 1071?
7
What is the hundreds digit of 2734?
7
What is the thousands digit of 6786?
6
What is the ten thousands digit of 19147?
1
What is the units digit of 4167?
7
What is the ten thousands digit of 87471?
8
What is the ten thousands digit of 23496?
2
What is the units digit of 825?
5
What is the hundreds digit of 56199?
1
What is the thousands digit of 23871?
3
What is the tens digit of 58?
5
What is the units digit of 103198?
8
What is the hundreds digit of 127811?
8
What is the units digit of 4?
4
What is the tens digit of 966?
6
What is the thousands digit of 2166?
2
What is the units digit of 356?
6
What is the hundreds digit of 2239?
2
What is the units digit of 3228?
8
What is the tens digit of 2058?
5
What is the tens digit of 712?
1
What is the units digit of 1359?
9
What is the hundreds digit of 19364?
3
What is the tens digit of 1894?
9
What is the units digit of 5369?
9
What is the hundreds digit of 9153?
1
What is the tens digit of 47060?
6
What is the units digit of 5793?
3
What is the units digit of 2630?
0
What is the units digit of 1786?
6
What is the tens digit of 467?
6
What is the tens digit of 3572?
7
What is the hundreds digit of 260?
2
What is the tens digit of 2218?
1
What is the ten thousands digit of 27328?
2
What is the thousands digit of 159725?
9
What is the units digit of 8892?
2
What is the hundreds digit of 18168?
1
What is the tens digit of 542?
4
What is the units digit of 108?
8
What is the tens digit of 3767?
6
What is the hundreds digit of 1799?
7
What is the tens digit of 562?
6
What is the thousands digit of 17086?
7
What is the hundreds digit of 1108?
1
What is the units digit of 2344?
4
What is the units digit of 2889?
9
What is the hundreds digit of 22423?
4
What is the thousands digit of 2017?
2
What is the hundreds digit of 156929?
9
What is the hundred thousands digit of 116257?
1
What is the tens digit of 676?
7
What is the thousands digit of 8789?
8
What is the hundreds dig